4c (base 13) in base 4?
203102233
Convert -4227a (base 12) to base 9.
-142034
Convert -168447 (base 9) to base 2.
-11001100010100110
What is -6b2 (base 16) in base 15?
-794
Convert -373451 (base 15) to base 4.
-22011122101
Convert c88964 (base 14) to base 7.
111446254
Convert 62373 (base 10) to base 2.
1111001110100101
Convert 222a1 (base 11) to base 2.
111111000101001
What is -18947 (base 14) in base 2?
-1111001011110011
45215b (base 13) to base 4
12032211220
11016277 (base 8) to base 10
2366655
1413434 (base 5) to base 13
10407
17405 (base 15) to base 3
10211002112
-49198 (base 12) to base 10
-98756
Convert -4ee55 (base 16) to base 13.
-b4123
What is 1f03b3 (base 16) in base 13?
562200
-117304 (base 12) to base 9
-468864
What is -10111011100110110 (base 2) in base 12?
-47706
What is -1121202110120 (base 3) in base 8?
-3222150
201201001102200 (base 3) to base 14
1568688
What is 11212222010020 (base 3) in base 6?
131401310
What is 38231 (base 11) in base 16?
d63f
102101103021 (base 4) to base 3
100000022220000
Convert -10001000110100000100 (base 2) to base 8.
-2106404
Convert -2102222200220 (base 3) to base 6.
-43501123
Convert -1186 (base 12) to base 14.
-a10
What is -1137416 (base 8) in base 4?
-1023330032
-61211013 (base 7) to base 16
-4dbf6b
Convert -3243113341 (base 5) to base 7.
-113351320
Convert c52f3 (base 16) to base 15.
10e497
What is 34163743 (base 8) in base 6?
422332243
Convert 133611 (base 13) to base 3.
212121022020
7a97 (base 15) to base 8
62641
848136 (base 9) to base 6
14452010
-496771 (base 10) to base 5
-111344041
488d3 (base 14) to base 9
300266
What is -1111210201120 (base 3) in base 11?
-4a9473
What is a56818 (base 12) in base 10?
2603540
1111543 (base 6) to base 13
1c734
What is 38385 (base 9) in base 4?
12103223
1508023 (base 11) to base 4
21313231201
What is -64424 (base 7) in base 5?
-1002432
What is -12e352 (base 15) in base 16?
-ddd53
1011100110010001010 (base 2) to base 11
23a593
Convert 156562 (base 8) to base 12.
28982
Convert 14342543 (base 6) to base 7.
4133136
b6262b (base 12) to base 10
2865923
Convert -1111010000000001110 (base 2) to base 3.
-221101111101
Convert 2112110121211 (base 3) to base 4.
11021000332
4d182 (base 15) to base 7
2045210
What is 1646581 (base 14) in base 2?
101001101011111001010101
-479049 (base 10) to base 16
-74f49
23233030012 (base 4) to base 6
145540434
2e14c (base 16) to base 11
11989a
Convert 401442344 (base 5) to base 14.
2d69d8
627270 (base 11) to base 2
11110101011010101000
Convert -113720 (base 8) to base 5.
-2220424
23432a (base 13) to base 11
522335
What is -23793 (base 13) in base 5?
-4040031
What is 708bc7 (base 15) in base 4?
110121000013
What is -11210120020101 (base 3) in base 5?
-1123101324
Convert -21043525 (base 8) to base 14.
-846a21
Convert -2112012101100 (base 3) to base 13.
-380001
What is 223068 (base 9) in base 7?
1064060
What is 38b92 (base 14) in base 6?
2553432
What is e3f4 (base 16) in base 5?
3331411
What is 41140430 (base 5) in base 12?
141261
-12012011221 (base 3) to base 9
-165157
-ba0 (base 14) to base 2
-100011111000
Convert -3000401223 (base 5) to base 3.
-102001022221211
Convert 11011010001000001011 (base 2) to base 14.
19385d
1336313 (base 8) to base 3
201002210100
What is 243622 (base 9) in base 11?
a0519
What is -21828 (base 12) in base 15?
-d23e
What is -1030660 (base 7) in base 10?
-125188
Convert -5c969 (base 13) to base 16.
-29b19
Convert -20012201002012 (base 3) to base 9.
-6181065
-373022 (base 10) to base 3
-200221200122
1321120120 (base 4) to base 2
1111001011000011000
-319363 (base 10) to base 5
-40204423
What is -3070785 (base 13) in base 8?
-70003056
-1195099 (base 10) to base 5
-301220344
2121040432 (base 5) to base 15
5d4cb2
What is -7323076 (base 8) in base 16?
-1da63e
Convert -33d23 (base 14) to base 10.
-126059
What is 1000010001011011100000 (base 2) in base 15?
2cc7e9
What is 2121235 (base 6) in base 16?
19637
-1335005 (base 6) to base 11
-51353
Convert -1a04468 (base 11) to base 2.
-1100111011001000110001
What is -3a0754 (base 15) in base 8?
-12501355
Convert 267ac (base 15) to base 3.
20021001100
Convert -10120100000220 (base 3) to base 9.
-3510026
What is 2b269a (base 15) in base 2?
111111100110000011110
Convert 210012110 (base 3) to base 11.
10681
What is 545756 (base 8) in base 5?
21331103
Convert -212222100120200 (base 3) to base 8.
-60466375
-1132156 (base 7) to base 6
-3015231
Convert -2a4460c (base 13) to base 11.
-7684768
347898 (base 11) to base 10
552109
What is 1001111010000101101 (base 2) in base 6?
10543005
What is a26214 (base 11) in base 10?
1648035
Convert -64864 (base 15) to base 7.
-2466310
What is 20341246 (base 8) in base 3?
22002221202102
-19214 (base 14) to base 2
-1111100000100010
Convert 2226745 (base 9) to base 13.
32ca23
Convert -6a980 (base 11) to base 14.
-29417
Convert 1251533424 (base 6) to base 7.
240606325
Convert -46587 (base 13) to base 10.
-128382
12962 (base 15) to base 7
335306
What is -3543201 (base 6) in base 2?
-101101000110110001
-2038a9 (base 11) to base 10
-327182
Convert -223102221 (base 4) to base 13.
-62931
What is 1db3b9 (base 14) in base 7?
12036122
-4676558 (base 9) to base 11
-1479493
Convert 2022201121 (base 3) to base 6.
551411
Convert 140330420 (base 5) to base 13.
1c0295
What is 19115 (base 16) in base 12?
4b505
What is -160037 (base 9) in base 2?
-11000000010010001
-1686797 (base 10) to base 3
-10011200211222
-20030111331 (base 4) to base 5
-1022211314
-37808 (base 15) to base 14
-4888c
Convert -68582 (base 12) to base 14.
-3896a
Convert -199664 (base 10) to base 16.
-30bf0
What is -48a77c (base 16) in base 5?
-2204331333
What is 12264460 (base 9) in base 15?
7d9b09
Convert -233135422 (base 6) to base 15.
-5ae6c5
What is -2746728 (base 10) in base 16?
-29e968
-1897032 (base 11) to base 9
-6018056
Convert -66115365 (base 8) to base 15.
-13a60d0
16b9 (base 13) to base 6
23323
Convert -121213003031 (base 4) to base 8.
-31470315
What is 2544023 (base 6) in base 9?
230576
Convert 4020441043 (base 5) to base 14.
10bb826
What is 47ca2 (base 13) in base 6?
2454035
Convert 11324120313 (base 5) to base 4.
302001213221
Convert 143562 (base 8) to base 16.
c772
Convert 346562 (base 7) to base 11.
42952
What is 25756235 (base 8) in base 11?
3283175
Convert 1087431 (base 11) to base 7.
22065025
-16a45bb (base 13) to base 12
-2565550
Convert -23983 (base 10) to base 15.
-718d
What is -2ae288 (base 16) in base 9?
-5253252
21205442 (base 6) to base 15
c4a55
Convert -201000212 (base 4) to base 3.
-20212110122
What is -288257 (base 15) in base 12?
-7a126a
Convert 1010212110220112 (base 3) to base 16.
fa5365
Convert -3756245 (base 8) to base 14.
-1d0b9b
-25403 (base 12) to base 15
-10046
-34596 (base 16) to base 10
-214422
What is -1100200102001200 (base 3) in base 13?
-4067166
-200001012120 (base 3) to base 14
-93617
What is -5174140 (base 10) in base 16?
-4ef37c
What is -42a28 (base 16) in base 3?
-111212101202
Convert 1577039 (base 10) to base 3.
2222010021212
What is -100011110101001110100 (base 2) in base 7?
-12660061
What is 11041225 (base 7) in base 12?
39a5b4
What is -212031032 (base 5) in base 15?
-129747
What is 2380183 (base 9) in base 2?
100111011100110000001
627863 (base 10) to base 11
3997a5
-4b1a4 (base 12) to base 16
-18f4c
What is -102000221100 (base 3) in base 13?
-77b26
Convert -2384588 (base 10) to base 11.
-1389638
What is -16a032 (base 12) in base 4?
-1133112212
-44dd (base 14) to base 4
-2322303
What is -1ac0c2 (base 14) in base 15?
-13cec2
Convert ebdd4 (base 16) to base 13.
27a975
-19719 (base 13) to base 16
-c183
15c7453 (base 13) to base 6
410534241
What is -537b5 (base 16) in base 8?
-1233665
What is -133401 (base 7) in base 2?
-110001010010100
Convert -13c0db2 (base 14) to base 12.
-3273528
Convert 104705 (base 8) to base 10.
35269
Convert -569860 (base 12) to base 13.
-396747
What is -30d86a (base 15) in base 12?
-940a24
237b660 (base 13) to base 4
221323300223
Convert 1373378 (base 9) to base 14.
159c48
Convert -3a4a94 (base 11) to base 5.
-130324300
-1910c3 (base 13) to base 7
-5234525
What is -c82113 (base 15) in base 3?
-122220220011000
Convert 2201100220100 (base 3) to base 4.
11200203231
What is 11243420 (base 5) in base 7?
606151
Convert -3371264 (base